{"id":1696,"date":"2023-05-13T17:44:09","date_gmt":"2023-05-13T15:44:09","guid":{"rendered":"https:\/\/club-abc.fr\/?page_id=1696"},"modified":"2025-09-03T10:07:36","modified_gmt":"2025-09-03T08:07:36","slug":"fusing-tiffany","status":"publish","type":"page","link":"https:\/\/club-abc.fr\/index.php\/fusing-tiffany\/","title":{"rendered":"Fusing Tiffany"},"content":{"rendered":"\n<div class=\"wp-block-uagb-container uagb-block-f99061ed alignfull uagb-is-root-container\"><div class=\"uagb-container-inner-blocks-wrap\">\n<div class=\"wp-block-uagb-container uagb-block-62a49a50\">\n<div class=\"wp-block-uagb-image uagb-block-0642ee9b wp-block-uagb-image--layout-default wp-block-uagb-image--effect-static wp-block-uagb-image--align-none\"><figure class=\"wp-block-uagb-image__figure\"><img loading=\"lazy\" decoding=\"async\" srcset=\"https:\/\/club-abc.fr\/wp-content\/uploads\/2023\/05\/36-Artisanat-Fusing-Tiffany-1024x768.jpg \" sizes=\"auto, (max-width: 480px) 150px\" src=\"https:\/\/club-abc.fr\/wp-content\/uploads\/2023\/05\/36-Artisanat-Fusing-Tiffany-1024x768.jpg\" alt=\"\" class=\"uag-image-1859\" width=\"353\" height=\"252\" title=\"\" loading=\"lazy\" role=\"img\"\/><\/figure><\/div>\n\n\n\n<div style=\"height:30px\" aria-hidden=\"true\" class=\"wp-block-spacer\"><\/div>\n\n\n\n<div class=\"wp-block-uagb-advanced-heading uagb-block-6ab12f14\"><\/div>\n\n\n\n<div class=\"wp-block-uagb-buttons uagb-buttons__outer-wrap uagb-btn__default-btn uagb-btn-tablet__default-btn uagb-btn-mobile__default-btn uagb-block-f69ef738\"><div class=\"uagb-buttons__wrap uagb-buttons-layout-wrap \">\n<div class=\"wp-block-uagb-buttons-child uagb-buttons__outer-wrap uagb-block-c101429c wp-block-button\"><div class=\"uagb-button__wrapper\"><a class=\"uagb-buttons-repeater wp-block-button__link\" aria-label=\"\" href=\"https:\/\/club-abc.monclub.app\/app?selectedMembership=6811281998c7371597b8b08b&amp;step=1&amp;selectedSlots=68012fc348c533e0dd8f08ec&amp;waitingSlots=&amp;childSubscription=false\" rel=\"follow noopener\" target=\"_blank\" role=\"button\"><div class=\"uagb-button__link\">Je m&rsquo;inscris<\/div><\/a><\/div><\/div>\n<\/div><\/div>\n<\/div>\n\n\n\n<div class=\"wp-block-uagb-container uagb-block-4ebedf5a\">\n<h1 class=\"wp-block-heading has-text-color has-x-large-font-size\" style=\"color:#004aad;font-style:normal;font-weight:600;letter-spacing:1px\">Fusing et Tiffany<\/h1>\n\n\n\n<h3 class=\"wp-block-heading has-text-align-left has-text-color\" style=\"color:#084aad;font-size:40px;font-style:normal;font-weight:200;text-transform:capitalize\">Arielle Maguet<\/h3>\n\n\n\n<div class=\"wp-block-uagb-advanced-heading uagb-block-15b04cbe\"><p class=\"uagb-desc-text\">Cr\u00e9er vos d\u00e9corations \u00e0 base de verres color\u00e9s : luminaires, bijoux, miroirs, arts de la table\u2026 Vous serez initi\u00e9 \u00e0 la technique de fusion du verre \u00ab le Fusing \u00bb et \u00e0 la technique du style Tiffany.<\/p><\/div>\n<\/div>\n<\/div><\/div>\n\n\n\n<p class=\"has-text-align-center\" style=\"font-size:16px\"><strong>D\u00e9but des cours 8 janvier 2026<\/strong> &#8211; <strong>14 s\u00e9ances r\u00e9parties de janvier \u00e0 juin<\/strong><\/p>\n\n\n\n<div class=\"wp-block-columns alignwide is-layout-flex wp-container-core-columns-is-layout-829b1d53 wp-block-columns-is-layout-flex\" style=\"margin-bottom:0\">\n<div class=\"wp-block-column has-white-background-color has-text-color has-background has-link-color wp-elements-5be08b7fed402fe95dab8291834eadc6 is-layout-flow wp-block-column-is-layout-flow\" style=\"color:#000000;padding-top:2em;padding-right:2em;padding-bottom:2em;padding-left:2em\">\n<h2 class=\"wp-block-heading has-text-align-center\" id=\"family\" style=\"font-size:30px;font-style:normal;font-weight:400\">Jour<\/h2>\n\n\n\n<p class=\"has-text-align-center\" style=\"font-size:16px;line-height:1.5\">Jeudi<\/p>\n<\/div>\n\n\n\n<div class=\"wp-block-column has-white-background-color has-text-color has-background has-link-color wp-elements-35f69af2d917e2366fb73ae148a1b992 is-layout-flow wp-block-column-is-layout-flow\" style=\"color:#000000;padding-top:2em;padding-right:2em;padding-bottom:2em;padding-left:2em\">\n<h2 class=\"wp-block-heading has-text-align-center\" id=\"family\" style=\"font-size:30px;font-style:normal;font-weight:400\">Horaires<\/h2>\n\n\n\n<p class=\"has-text-align-center\" style=\"font-size:16px;line-height:1.5\">9h30 \u00e0 12h30<\/p>\n\n\n\n<p class=\"has-text-align-center\">ou<\/p>\n\n\n\n<p class=\"has-text-align-center\" style=\"font-size:16px;line-height:1.5\">14h \u00e0 17h<\/p>\n<\/div>\n\n\n\n<div class=\"wp-block-column has-white-background-color has-text-color has-background has-link-color wp-elements-81ac4cae3546a76c6256668b5d0a4617 is-layout-flow wp-block-column-is-layout-flow\" style=\"color:#000000;padding-top:2em;padding-right:2em;padding-bottom:2em;padding-left:2em\">\n<h2 class=\"wp-block-heading has-text-align-center\" id=\"family\" style=\"font-size:30px;font-style:normal;font-weight:400\">Tarif base<\/h2>\n\n\n\n<div style=\"height:3px\" aria-hidden=\"true\" class=\"wp-block-spacer\"><\/div>\n\n\n\n<div class=\"wp-block-buttons alignfull is-horizontal is-content-justification-center is-layout-flex wp-container-core-buttons-is-layout-499968f5 wp-block-buttons-is-layout-flex\">\n<div class=\"wp-block-button is-style-fill\"><a class=\"wp-block-button__link has-white-color has-text-color has-background wp-element-button\" style=\"background-color:#084aad\">392 \u20ac<\/a><\/div>\n<\/div>\n<\/div>\n\n\n\n<div class=\"wp-block-column has-white-background-color has-text-color has-background has-link-color wp-elements-08c45936f26396ea05528d54b7cecb4d is-layout-flow wp-block-column-is-layout-flow\" style=\"color:#000000;padding-top:2em;padding-right:2em;padding-bottom:2em;padding-left:2em\">\n<h2 class=\"wp-block-heading has-text-align-center\" id=\"family\" style=\"font-size:30px;font-style:normal;font-weight:400\">Tarif VLB<\/h2>\n\n\n\n<div style=\"height:3px\" aria-hidden=\"true\" class=\"wp-block-spacer\"><\/div>\n\n\n\n<div class=\"wp-block-buttons alignfull is-horizontal is-content-justification-center is-layout-flex wp-container-core-buttons-is-layout-499968f5 wp-block-buttons-is-layout-flex\">\n<div class=\"wp-block-button is-style-fill\"><a class=\"wp-block-button__link has-white-color has-text-color has-background wp-element-button\" style=\"background-color:#084aad\">356 \u20ac<\/a><\/div>\n<\/div>\n<\/div>\n<\/div>\n\n\n\n<div class=\"wp-block-uagb-container uagb-block-4ae621b8 alignfull uagb-is-root-container\"><div class=\"uagb-container-inner-blocks-wrap\">\n<div class=\"wp-block-uagb-container uagb-block-103ce482\">\n<p class=\"has-text-align-right\" style=\"font-size:18px;line-height:1.5\">Adh\u00e9sion annuelle au club ABC en sus<\/p>\n<\/div>\n\n\n\n<div class=\"wp-block-uagb-container uagb-block-a995b874\">\n<div class=\"wp-block-uagb-container uagb-block-5339cd0e\">\n<div class=\"wp-block-buttons is-content-justification-center is-layout-flex wp-container-core-buttons-is-layout-8057eaf3 wp-block-buttons-is-layout-flex\">\n<div class=\"wp-block-button has-custom-font-size\" style=\"font-size:16px\"><a class=\"wp-block-button__link has-white-color has-text-color has-background wp-element-button\" style=\"background-color:#084aad\">32 \u20ac<\/a><\/div>\n<\/div>\n<\/div>\n<\/div>\n<\/div><\/div>\n\n\n\n<div style=\"height:20px\" aria-hidden=\"true\" class=\"wp-block-spacer\"><\/div>\n\n\n\n<div class=\"wp-block-uagb-info-box uagb-block-0408a231 uagb-infobox__content-wrap  uagb-infobox-icon-above-title uagb-infobox-image-valign-top\"><div class=\"uagb-ifb-content\"><div class=\"uagb-ifb-title-wrap\"><h3 class=\"uagb-ifb-title\">Lieu<\/h3><\/div><p class=\"uagb-ifb-desc\">Le Relais &#8211; 64 rue d&rsquo;Estienne d&rsquo;Orves &#8211; 91370 Verri\u00e8res le Buisson<\/p><div class=\"uagb-ifb-button-wrapper wp-block-button\"><a href=\"#\" target=\"_self\" onclick=\"return false;\" class=\"uagb-infobox-cta-link\" rel=\"noopener noreferrer\"><span class=\"uagb-inline-editing\"><\/span><svg xmlns=\"https:\/\/www.w3.org\/2000\/svg\" viewBox=\"0 0 512 512\"><path d=\"M504.3 273.6l-112.1 104c-6.992 6.484-17.18 8.218-25.94 4.406c-8.758-3.812-14.42-12.45-14.42-21.1L351.9 288H32C14.33 288 .0002 273.7 .0002 255.1S14.33 224 32 224h319.9l0-72c0-9.547 5.66-18.19 14.42-22c8.754-3.809 18.95-2.075 25.94 4.41l112.1 104C514.6 247.9 514.6 264.1 504.3 273.6z\"><\/path><\/svg><\/a><\/div><\/div><\/div>\n\n\n\n<div style=\"height:50px\" aria-hidden=\"true\" class=\"wp-block-spacer\"><\/div>\n\n\n\n<figure class=\"wp-block-gallery has-nested-images columns-default is-cropped wp-block-gallery-1 is-layout-flex wp-block-gallery-is-layout-flex\">\n<figure class=\"wp-block-image size-large\"><a href=\"https:\/\/club-abc.fr\/wp-content\/uploads\/2023\/05\/26-2-Artisanat-Fusing-galerie.jpeg\"><img fetchpriority=\"high\" decoding=\"async\" width=\"827\" height=\"900\" data-id=\"2815\" src=\"https:\/\/club-abc.fr\/wp-content\/uploads\/2023\/05\/26-2-Artisanat-Fusing-galerie.jpeg\" alt=\"\" class=\"wp-image-2815\" srcset=\"https:\/\/club-abc.fr\/wp-content\/uploads\/2023\/05\/26-2-Artisanat-Fusing-galerie.jpeg 827w, https:\/\/club-abc.fr\/wp-content\/uploads\/2023\/05\/26-2-Artisanat-Fusing-galerie-276x300.jpeg 276w, https:\/\/club-abc.fr\/wp-content\/uploads\/2023\/05\/26-2-Artisanat-Fusing-galerie-768x836.jpeg 768w\" sizes=\"(max-width: 827px) 100vw, 827px\" \/><\/a><\/figure>\n\n\n\n<figure class=\"wp-block-image size-large\"><a href=\"https:\/\/club-abc.fr\/wp-content\/uploads\/2023\/05\/26-3-Artisanat-Tiffany-Galerie.jpeg\"><img decoding=\"async\" width=\"1024\" height=\"921\" data-id=\"2816\" src=\"https:\/\/club-abc.fr\/wp-content\/uploads\/2023\/05\/26-3-Artisanat-Tiffany-Galerie-1024x921.jpeg\" alt=\"\" class=\"wp-image-2816\" srcset=\"https:\/\/club-abc.fr\/wp-content\/uploads\/2023\/05\/26-3-Artisanat-Tiffany-Galerie-1024x921.jpeg 1024w, https:\/\/club-abc.fr\/wp-content\/uploads\/2023\/05\/26-3-Artisanat-Tiffany-Galerie-300x270.jpeg 300w, https:\/\/club-abc.fr\/wp-content\/uploads\/2023\/05\/26-3-Artisanat-Tiffany-Galerie-768x691.jpeg 768w, https:\/\/club-abc.fr\/wp-content\/uploads\/2023\/05\/26-3-Artisanat-Tiffany-Galerie.jpeg 1249w\" sizes=\"(max-width: 1024px) 100vw, 1024px\" \/><\/a><\/figure>\n\n\n\n<figure class=\"wp-block-image size-large\"><a href=\"https:\/\/club-abc.fr\/wp-content\/uploads\/2023\/05\/26-1-Artisanat-Fusing-Galerie.jpeg\"><img decoding=\"async\" width=\"888\" height=\"1016\" data-id=\"2817\" src=\"https:\/\/club-abc.fr\/wp-content\/uploads\/2023\/05\/26-1-Artisanat-Fusing-Galerie.jpeg\" alt=\"\" class=\"wp-image-2817\" srcset=\"https:\/\/club-abc.fr\/wp-content\/uploads\/2023\/05\/26-1-Artisanat-Fusing-Galerie.jpeg 888w, https:\/\/club-abc.fr\/wp-content\/uploads\/2023\/05\/26-1-Artisanat-Fusing-Galerie-262x300.jpeg 262w, https:\/\/club-abc.fr\/wp-content\/uploads\/2023\/05\/26-1-Artisanat-Fusing-Galerie-768x879.jpeg 768w\" sizes=\"(max-width: 888px) 100vw, 888px\" \/><\/a><\/figure>\n\n\n\n<figure class=\"wp-block-image size-large\"><a href=\"https:\/\/club-abc.fr\/wp-content\/uploads\/2023\/05\/26-4-Artisanat-Fusing-galerie.jpeg\"><img loading=\"lazy\" decoding=\"async\" width=\"1024\" height=\"672\" data-id=\"2818\" src=\"https:\/\/club-abc.fr\/wp-content\/uploads\/2023\/05\/26-4-Artisanat-Fusing-galerie-1024x672.jpeg\" alt=\"\" class=\"wp-image-2818\" srcset=\"https:\/\/club-abc.fr\/wp-content\/uploads\/2023\/05\/26-4-Artisanat-Fusing-galerie-1024x672.jpeg 1024w, https:\/\/club-abc.fr\/wp-content\/uploads\/2023\/05\/26-4-Artisanat-Fusing-galerie-300x197.jpeg 300w, https:\/\/club-abc.fr\/wp-content\/uploads\/2023\/05\/26-4-Artisanat-Fusing-galerie-768x504.jpeg 768w, https:\/\/club-abc.fr\/wp-content\/uploads\/2023\/05\/26-4-Artisanat-Fusing-galerie.jpeg 1260w\" sizes=\"(max-width: 1024px) 100vw, 1024px\" \/><\/a><\/figure>\n<\/figure>\n\n\n\n<p><\/p>\n","protected":false},"excerpt":{"rendered":"<p>Fusing et Tiffany Arielle Maguet Cr\u00e9er vos d\u00e9corations \u00e0 base de verres color\u00e9s : luminaires, bijoux, miroirs, arts de la table\u2026 Vous serez initi\u00e9 \u00e0 la technique de fusion du verre \u00ab le Fusing \u00bb et \u00e0 la technique du style Tiffany. D\u00e9but des cours 8 janvier 2026 &#8211; 14 s\u00e9ances r\u00e9parties de janvier \u00e0 [&hellip;]<\/p>\n","protected":false},"author":1,"featured_media":2815,"parent":0,"menu_order":0,"comment_status":"closed","ping_status":"closed","template":"","meta":{"_uag_custom_page_level_css":"","footnotes":""},"class_list":["post-1696","page","type-page","status-publish","has-post-thumbnail","hentry","entry","has-media"],"yoast_head":"<!-- This site is optimized with the Yoast SEO plugin v27.4 - https:\/\/yoast.com\/product\/yoast-seo-wordpress\/ -->\n<title>Fusing Tiffany - Club ABC<\/title>\n<meta name=\"robots\" content=\"index, follow, max-snippet:-1, max-image-preview:large, max-video-preview:-1\" \/>\n<link rel=\"canonical\" href=\"https:\/\/club-abc.fr\/index.php\/fusing-tiffany\/\" \/>\n<meta property=\"og:locale\" content=\"fr_FR\" \/>\n<meta property=\"og:type\" content=\"article\" \/>\n<meta property=\"og:title\" content=\"Fusing Tiffany - Club ABC\" \/>\n<meta property=\"og:description\" content=\"Fusing et Tiffany Arielle Maguet Cr\u00e9er vos d\u00e9corations \u00e0 base de verres color\u00e9s : luminaires, bijoux, miroirs, arts de la table\u2026 Vous serez initi\u00e9 \u00e0 la technique de fusion du verre \u00ab le Fusing \u00bb et \u00e0 la technique du style Tiffany. D\u00e9but des cours 8 janvier 2026 &#8211; 14 s\u00e9ances r\u00e9parties de janvier \u00e0 [&hellip;]\" \/>\n<meta property=\"og:url\" content=\"https:\/\/club-abc.fr\/index.php\/fusing-tiffany\/\" \/>\n<meta property=\"og:site_name\" content=\"Club ABC\" \/>\n<meta property=\"article:modified_time\" content=\"2025-09-03T08:07:36+00:00\" \/>\n<meta property=\"og:image\" content=\"https:\/\/club-abc.fr\/wp-content\/uploads\/2023\/05\/26-2-Artisanat-Fusing-galerie.jpeg\" \/>\n\t<meta property=\"og:image:width\" content=\"827\" \/>\n\t<meta property=\"og:image:height\" content=\"900\" \/>\n\t<meta property=\"og:image:type\" content=\"image\/jpeg\" \/>\n<meta name=\"twitter:card\" content=\"summary_large_image\" \/>\n<meta name=\"twitter:label1\" content=\"Dur\u00e9e de lecture estim\u00e9e\" \/>\n\t<meta name=\"twitter:data1\" content=\"4 minutes\" \/>\n<script type=\"application\/ld+json\" class=\"yoast-schema-graph\">{\"@context\":\"https:\\\/\\\/schema.org\",\"@graph\":[{\"@type\":\"WebPage\",\"@id\":\"https:\\\/\\\/club-abc.fr\\\/index.php\\\/fusing-tiffany\\\/\",\"url\":\"https:\\\/\\\/club-abc.fr\\\/index.php\\\/fusing-tiffany\\\/\",\"name\":\"Fusing Tiffany - Club ABC\",\"isPartOf\":{\"@id\":\"https:\\\/\\\/club-abc.fr\\\/#website\"},\"primaryImageOfPage\":{\"@id\":\"https:\\\/\\\/club-abc.fr\\\/index.php\\\/fusing-tiffany\\\/#primaryimage\"},\"image\":{\"@id\":\"https:\\\/\\\/club-abc.fr\\\/index.php\\\/fusing-tiffany\\\/#primaryimage\"},\"thumbnailUrl\":\"https:\\\/\\\/club-abc.fr\\\/wp-content\\\/uploads\\\/2023\\\/05\\\/26-2-Artisanat-Fusing-galerie.jpeg\",\"datePublished\":\"2023-05-13T15:44:09+00:00\",\"dateModified\":\"2025-09-03T08:07:36+00:00\",\"breadcrumb\":{\"@id\":\"https:\\\/\\\/club-abc.fr\\\/index.php\\\/fusing-tiffany\\\/#breadcrumb\"},\"inLanguage\":\"fr-FR\",\"potentialAction\":[{\"@type\":\"ReadAction\",\"target\":[\"https:\\\/\\\/club-abc.fr\\\/index.php\\\/fusing-tiffany\\\/\"]}]},{\"@type\":\"ImageObject\",\"inLanguage\":\"fr-FR\",\"@id\":\"https:\\\/\\\/club-abc.fr\\\/index.php\\\/fusing-tiffany\\\/#primaryimage\",\"url\":\"https:\\\/\\\/club-abc.fr\\\/wp-content\\\/uploads\\\/2023\\\/05\\\/26-2-Artisanat-Fusing-galerie.jpeg\",\"contentUrl\":\"https:\\\/\\\/club-abc.fr\\\/wp-content\\\/uploads\\\/2023\\\/05\\\/26-2-Artisanat-Fusing-galerie.jpeg\",\"width\":827,\"height\":900,\"caption\":\"Sans titre - 6\"},{\"@type\":\"BreadcrumbList\",\"@id\":\"https:\\\/\\\/club-abc.fr\\\/index.php\\\/fusing-tiffany\\\/#breadcrumb\",\"itemListElement\":[{\"@type\":\"ListItem\",\"position\":1,\"name\":\"Accueil\",\"item\":\"https:\\\/\\\/club-abc.fr\\\/\"},{\"@type\":\"ListItem\",\"position\":2,\"name\":\"Fusing Tiffany\"}]},{\"@type\":\"WebSite\",\"@id\":\"https:\\\/\\\/club-abc.fr\\\/#website\",\"url\":\"https:\\\/\\\/club-abc.fr\\\/\",\"name\":\"Club ABC\",\"description\":\"Le club de vos loisirs\",\"publisher\":{\"@id\":\"https:\\\/\\\/club-abc.fr\\\/#organization\"},\"potentialAction\":[{\"@type\":\"SearchAction\",\"target\":{\"@type\":\"EntryPoint\",\"urlTemplate\":\"https:\\\/\\\/club-abc.fr\\\/?s={search_term_string}\"},\"query-input\":{\"@type\":\"PropertyValueSpecification\",\"valueRequired\":true,\"valueName\":\"search_term_string\"}}],\"inLanguage\":\"fr-FR\"},{\"@type\":\"Organization\",\"@id\":\"https:\\\/\\\/club-abc.fr\\\/#organization\",\"name\":\"Club ABC\",\"url\":\"https:\\\/\\\/club-abc.fr\\\/\",\"logo\":{\"@type\":\"ImageObject\",\"inLanguage\":\"fr-FR\",\"@id\":\"https:\\\/\\\/club-abc.fr\\\/#\\\/schema\\\/logo\\\/image\\\/\",\"url\":\"https:\\\/\\\/club-abc.fr\\\/wp-content\\\/uploads\\\/2023\\\/05\\\/cropped-Logo_Club-ABC.png\",\"contentUrl\":\"https:\\\/\\\/club-abc.fr\\\/wp-content\\\/uploads\\\/2023\\\/05\\\/cropped-Logo_Club-ABC.png\",\"width\":5100,\"height\":1658,\"caption\":\"Club ABC\"},\"image\":{\"@id\":\"https:\\\/\\\/club-abc.fr\\\/#\\\/schema\\\/logo\\\/image\\\/\"}}]}<\/script>\n<!-- \/ Yoast SEO plugin. -->","yoast_head_json":{"title":"Fusing Tiffany - Club ABC","robots":{"index":"index","follow":"follow","max-snippet":"max-snippet:-1","max-image-preview":"max-image-preview:large","max-video-preview":"max-video-preview:-1"},"canonical":"https:\/\/club-abc.fr\/index.php\/fusing-tiffany\/","og_locale":"fr_FR","og_type":"article","og_title":"Fusing Tiffany - Club ABC","og_description":"Fusing et Tiffany Arielle Maguet Cr\u00e9er vos d\u00e9corations \u00e0 base de verres color\u00e9s : luminaires, bijoux, miroirs, arts de la table\u2026 Vous serez initi\u00e9 \u00e0 la technique de fusion du verre \u00ab le Fusing \u00bb et \u00e0 la technique du style Tiffany. D\u00e9but des cours 8 janvier 2026 &#8211; 14 s\u00e9ances r\u00e9parties de janvier \u00e0 [&hellip;]","og_url":"https:\/\/club-abc.fr\/index.php\/fusing-tiffany\/","og_site_name":"Club ABC","article_modified_time":"2025-09-03T08:07:36+00:00","og_image":[{"width":827,"height":900,"url":"https:\/\/club-abc.fr\/wp-content\/uploads\/2023\/05\/26-2-Artisanat-Fusing-galerie.jpeg","type":"image\/jpeg"}],"twitter_card":"summary_large_image","twitter_misc":{"Dur\u00e9e de lecture estim\u00e9e":"4 minutes"},"schema":{"@context":"https:\/\/schema.org","@graph":[{"@type":"WebPage","@id":"https:\/\/club-abc.fr\/index.php\/fusing-tiffany\/","url":"https:\/\/club-abc.fr\/index.php\/fusing-tiffany\/","name":"Fusing Tiffany - Club ABC","isPartOf":{"@id":"https:\/\/club-abc.fr\/#website"},"primaryImageOfPage":{"@id":"https:\/\/club-abc.fr\/index.php\/fusing-tiffany\/#primaryimage"},"image":{"@id":"https:\/\/club-abc.fr\/index.php\/fusing-tiffany\/#primaryimage"},"thumbnailUrl":"https:\/\/club-abc.fr\/wp-content\/uploads\/2023\/05\/26-2-Artisanat-Fusing-galerie.jpeg","datePublished":"2023-05-13T15:44:09+00:00","dateModified":"2025-09-03T08:07:36+00:00","breadcrumb":{"@id":"https:\/\/club-abc.fr\/index.php\/fusing-tiffany\/#breadcrumb"},"inLanguage":"fr-FR","potentialAction":[{"@type":"ReadAction","target":["https:\/\/club-abc.fr\/index.php\/fusing-tiffany\/"]}]},{"@type":"ImageObject","inLanguage":"fr-FR","@id":"https:\/\/club-abc.fr\/index.php\/fusing-tiffany\/#primaryimage","url":"https:\/\/club-abc.fr\/wp-content\/uploads\/2023\/05\/26-2-Artisanat-Fusing-galerie.jpeg","contentUrl":"https:\/\/club-abc.fr\/wp-content\/uploads\/2023\/05\/26-2-Artisanat-Fusing-galerie.jpeg","width":827,"height":900,"caption":"Sans titre - 6"},{"@type":"BreadcrumbList","@id":"https:\/\/club-abc.fr\/index.php\/fusing-tiffany\/#breadcrumb","itemListElement":[{"@type":"ListItem","position":1,"name":"Accueil","item":"https:\/\/club-abc.fr\/"},{"@type":"ListItem","position":2,"name":"Fusing Tiffany"}]},{"@type":"WebSite","@id":"https:\/\/club-abc.fr\/#website","url":"https:\/\/club-abc.fr\/","name":"Club ABC","description":"Le club de vos loisirs","publisher":{"@id":"https:\/\/club-abc.fr\/#organization"},"potentialAction":[{"@type":"SearchAction","target":{"@type":"EntryPoint","urlTemplate":"https:\/\/club-abc.fr\/?s={search_term_string}"},"query-input":{"@type":"PropertyValueSpecification","valueRequired":true,"valueName":"search_term_string"}}],"inLanguage":"fr-FR"},{"@type":"Organization","@id":"https:\/\/club-abc.fr\/#organization","name":"Club ABC","url":"https:\/\/club-abc.fr\/","logo":{"@type":"ImageObject","inLanguage":"fr-FR","@id":"https:\/\/club-abc.fr\/#\/schema\/logo\/image\/","url":"https:\/\/club-abc.fr\/wp-content\/uploads\/2023\/05\/cropped-Logo_Club-ABC.png","contentUrl":"https:\/\/club-abc.fr\/wp-content\/uploads\/2023\/05\/cropped-Logo_Club-ABC.png","width":5100,"height":1658,"caption":"Club ABC"},"image":{"@id":"https:\/\/club-abc.fr\/#\/schema\/logo\/image\/"}}]}},"featured_image_src":"https:\/\/club-abc.fr\/wp-content\/uploads\/2023\/05\/26-2-Artisanat-Fusing-galerie-600x400.jpeg","featured_image_src_square":"https:\/\/club-abc.fr\/wp-content\/uploads\/2023\/05\/26-2-Artisanat-Fusing-galerie-600x600.jpeg","uagb_featured_image_src":{"full":["https:\/\/club-abc.fr\/wp-content\/uploads\/2023\/05\/26-2-Artisanat-Fusing-galerie.jpeg",827,900,false],"thumbnail":["https:\/\/club-abc.fr\/wp-content\/uploads\/2023\/05\/26-2-Artisanat-Fusing-galerie-150x150.jpeg",150,150,true],"medium":["https:\/\/club-abc.fr\/wp-content\/uploads\/2023\/05\/26-2-Artisanat-Fusing-galerie-276x300.jpeg",276,300,true],"medium_large":["https:\/\/club-abc.fr\/wp-content\/uploads\/2023\/05\/26-2-Artisanat-Fusing-galerie-768x836.jpeg",768,836,true],"large":["https:\/\/club-abc.fr\/wp-content\/uploads\/2023\/05\/26-2-Artisanat-Fusing-galerie.jpeg",827,900,false],"1536x1536":["https:\/\/club-abc.fr\/wp-content\/uploads\/2023\/05\/26-2-Artisanat-Fusing-galerie.jpeg",827,900,false],"2048x2048":["https:\/\/club-abc.fr\/wp-content\/uploads\/2023\/05\/26-2-Artisanat-Fusing-galerie.jpeg",827,900,false],"ocean-thumb-m":["https:\/\/club-abc.fr\/wp-content\/uploads\/2023\/05\/26-2-Artisanat-Fusing-galerie-600x600.jpeg",600,600,true],"ocean-thumb-ml":["https:\/\/club-abc.fr\/wp-content\/uploads\/2023\/05\/26-2-Artisanat-Fusing-galerie-800x450.jpeg",800,450,true],"ocean-thumb-l":["https:\/\/club-abc.fr\/wp-content\/uploads\/2023\/05\/26-2-Artisanat-Fusing-galerie-827x700.jpeg",827,700,true],"ab-block-post-grid-landscape":["https:\/\/club-abc.fr\/wp-content\/uploads\/2023\/05\/26-2-Artisanat-Fusing-galerie-600x400.jpeg",600,400,true],"ab-block-post-grid-square":["https:\/\/club-abc.fr\/wp-content\/uploads\/2023\/05\/26-2-Artisanat-Fusing-galerie-600x600.jpeg",600,600,true]},"uagb_author_info":{"display_name":"admin6119","author_link":"https:\/\/club-abc.fr\/index.php\/author\/admin6119\/"},"uagb_comment_info":0,"uagb_excerpt":"Fusing et Tiffany Arielle Maguet Cr\u00e9er vos d\u00e9corations \u00e0 base de verres color\u00e9s : luminaires, bijoux, miroirs, arts de la table\u2026 Vous serez initi\u00e9 \u00e0 la technique de fusion du verre \u00ab le Fusing \u00bb et \u00e0 la technique du style Tiffany. D\u00e9but des cours 8 janvier 2026 &#8211; 14 s\u00e9ances r\u00e9parties de janvier \u00e0\u2026","jetpack_sharing_enabled":true,"_links":{"self":[{"href":"https:\/\/club-abc.fr\/index.php\/wp-json\/wp\/v2\/pages\/1696","targetHints":{"allow":["GET"]}}],"collection":[{"href":"https:\/\/club-abc.fr\/index.php\/wp-json\/wp\/v2\/pages"}],"about":[{"href":"https:\/\/club-abc.fr\/index.php\/wp-json\/wp\/v2\/types\/page"}],"author":[{"embeddable":true,"href":"https:\/\/club-abc.fr\/index.php\/wp-json\/wp\/v2\/users\/1"}],"replies":[{"embeddable":true,"href":"https:\/\/club-abc.fr\/index.php\/wp-json\/wp\/v2\/comments?post=1696"}],"version-history":[{"count":0,"href":"https:\/\/club-abc.fr\/index.php\/wp-json\/wp\/v2\/pages\/1696\/revisions"}],"wp:featuredmedia":[{"embeddable":true,"href":"https:\/\/club-abc.fr\/index.php\/wp-json\/wp\/v2\/media\/2815"}],"wp:attachment":[{"href":"https:\/\/club-abc.fr\/index.php\/wp-json\/wp\/v2\/media?parent=1696"}],"curies":[{"name":"wp","href":"https:\/\/api.w.org\/{rel}","templated":true}]}}